e the remainder when n is divided by g.
2
Let k = 3 + -1. Suppose i - 10 = -i + 2*n, 5*n + 25 = 4*i. Let r(q) = -q + 3. Calculate the remainder when r(i) is divided by k.
1
Suppose -3*d = 5*m - 62, -27 = -2*d - 4*m + 17. What is the remainder when 153 is divided by d?
13
Let a(k) = 2*k**2 + 25*k - 24. Calculate the remainder when 808 is divided by a(-14).
16
Let z = -43 + 55. Calculate the remainder when 114 is divided by z.
6
Let q = -1104 + 1104. Let u = 64 - 91. Calculate the remainder when 115 is divided by q + (-2 - -4) - u.
28
Suppose 2*w + 266 = 4*w + d, -d - 389 = -3*w. Calculate the remainder when w is divided by 11.
10
Suppose 6*x + 4743 - 4779 = 0. Let b(h) = h**3 - 6*h**2 + 5*h + 3. Let j be b(5). Suppose g - j*g = -70. What is the remainder when g is divided by x?
5
Calculate the remainder when (-87 + 92)/(((-1)/(-26))/1) is divided by 127.
3
Suppose 3*y + 3 = 4*y. Suppose 4*r = -y*l + 108, 4*r + 2*l = -0*l + 104. What is the remainder when 43 is divided by r?
19
Suppose -3*x = 5*c - 44, c - 132 + 45 = -4*x. What is the remainder when 68 is divided by x?
22
Suppose -5*o - 57 + 212 = 0. Calculate the remainder when 123 is divided by o.
30
Suppose b = -4*b + 285. Let o = b + -32. Suppose -2*c - c + 39 = 0. Calculate the remainder when o is divided by c.
12
Let k = -90 + 157. Let v(p) = -7*p + 1. Let r be v(2). Let l = r - -36. Calculate the remainder when k is divided by l.
21
Let a(t) = t**2 - 3*t + 1. Let p be a(4). Suppose m + 16 = p*m. Calculate the remainder when (-2)/(12/(-10) - -1) is divided by m.
2
Suppose 39*w - 331 - 50 = 48. Suppose -5*k - 92 = h, -3*k - 71 = -2*h - 8. Let i = 49 + k. What is the remainder when i is divided by w?
8
Let q = 432 + -388. Calculate the remainder when q is divided by 8.
4
Suppose 0 = -6*v + 3*v + 309. Suppose 2*f = 3*z - 67, 5*z = -2*f + 32 + 69. Calculate the remainder when v is divided by z.
19
Let j(q) = -q**3 - 11*q**2 - 12*q + 1. Let b be j(-10). Let i = b + -14. What is the remainder when 24 is divided by i - -3*8/12?
6
Calculate the remainder when 251 is divided by (-2)/20 + 2538/(-900)*-5.
13
Suppose 5*n = 38 + 82. Suppose 4*b + 66 = o - 0*b, -4*b = -3*o + 206. What is the remainder when o is divided by n?
22
Suppose -o = 2*o - 84. Let a(d) = 2*d**2 - 279*d + 430. Calculate the remainder when o is divided by a(138).
12
Let g = -46 - -132. Calculate the remainder when g is divided by 23.
17
Suppose 3*a - 84 - 51 = 0. Suppose -t + a = 4*t. Suppose -h + 171 = 4*i, 3*i - 29 = -4*h + 109. Calculate the remainder when i is divided by t.
6
Let m be 4*(-1)/(-10) - 112/(-20). Let w(s) = s**3 - 6*s**2 + 9*s - 9. Let q(o) = -o + 7. Calculate the remainder when w(m) is divided by q(-5).
9
Let z be (-4 - (-105)/25) + 19/5. Calculate the remainder when z/10 + 2436/60 is divided by 23.
18
Let x(l) = 4*l - 2. Let g = -23 + 27. What is the remainder when (-79)/(-2) + 2/4 is divided by x(g)?
12
Let n(u) = -2*u**3 - 9*u - 9*u**2 + 8*u - 8 + 21*u + 3*u**3. Suppose -o = -80 - 53. Calculate the remainder when o is divided by n(7).
31
Calculate the remainder when (-5)/6 - 82297/(-282) is divided by 49.
46
Suppose 0 = 3*o - 4*m - 52, -3*o + 9*m = 14*m - 97. What is the remainder when 94 is divided by o?
22
Let r be (16/(-5))/(24/(-300)). Let c = -21 + r. Calculate the remainder when c is divided by 4.
3
Suppose -2*f + 882 = 3*v, 430 = -3*f + 4*f - 4*v. What is the remainder when f*(-3)/(-12)*2 is divided by 55?
54
Let z(r) = -r**2 + 9*r - 6. Let q be z(8). Calculate the remainder when 87 is divided by (-640)/(-35) - q/7.
15
Let g(h) = -3*h**2 - 3*h + 4. Let d be g(-2). What is the remainder when 92 is divided by d/((-18)/(-3)) + (-365)/(-15)?
20
Let d = 25 + 63. Suppose 5*m + d = 598. What is the remainder when m is divided by 35?
32
Let y be 9/(-3) - -2*2. Let v(z) = -4*z + 5*z + 13*z + y + 0. What is the remainder when v(2) is divided by 15?
14
Suppose -2*t = -6*t - 8. Let x = 3 - t. What is the remainder when 14 is divided by x?
4
Let r(m) = m**2 + 2*m + 2. Suppose 5*y - 145 = -2*d, -4*y + 6*d - 11*d = -116. What is the remainder when y is divided by r(-5)?
12
Suppose -2*m = 3*w - 73, -26*m + 23*m + 15 = 0. What is the remainder when 82 is divided by w?
19
Let q(l) = -l**3 + 4*l**2 + 3*l - 4. Suppose 3*j + 16 = -0*j + 4*k, 2*k - 8 = 0. Let a be (-1 + j)/((-1)/4). Calculate the remainder when q(a) is divided by 4.
0
Suppose 5*s - 30 = -3*o, 3*o = 5*s - 0*s. Let d(q) = -q**3 - 5*q**2 + 3*q - 8. Calculate the remainder when d(-6) is divided by s.
1
Suppose 0 = 3*k + 2*c - 283, -6*c - 269 = -3*k - c. Let d = 51 - 24. Suppose -u = 3 - d. Calculate the remainder when k is divided by u.
21
Suppose -j - 4*r - 17 = -67, -j + 4*r + 66 = 0. Calculate the remainder when 159 is divided by j.
43
Suppose -2*y - 330 = -12*y. Calculate the remainder when 93 is divided by y.
27
Suppose -1230 - 230 = -5*m. Suppose 3*a + 2*t = 280, -3*t = -3*a - 2*t + m. Calculate the remainder when a is divided by 33.
30
Suppose 0 = -3*x - 2*a + 581, 18*x - 17*x + a - 195 = 0. What is the remainder when x is divided by 24?
23
Let p = 13 + -4. Let g = p - 6. Suppose -t - g*s + 12 = 0, 0*s + s = -4*t + 92. What is the remainder when t is divided by 13?
11
Let m(k) = k**2 - k + 53. Let t(p) = -p**3 + 6*p**2 + 20*p - 4. Calculate the remainder when m(0) is divided by t(8).
25
Let s(i) = i**3 - 4*i**2 + 5*i + 8. Let g(u) = u**3 + 7*u**2 + 10*u + 5. Let d be g(-5). Calculate the remainder when s(d) is divided by 20.
18
Suppose 3*n = -4*o + 1, 4*n - 7 = -o - 23. Suppose -9 = -3*c, -o*c = 2*f - 6*c - 12. What is the remainder when 12 is divided by f?
3
Suppose -3*v + 11 + 1 = 0, -3*v = -5*c + 28. What is the remainder when 23 is divided by c?
7
Let x(w) = 3*w + 5. Suppose -5*a - 11 - 14 = 0. Let t be x(a). Let u = t - -20. What is the remainder when 27 is divided by u?
7
Let m = 12 + -5. Suppose -d = -0*d - m. What is the remainder when d is divided by ((-8)/14)/(3/21) + 8?
3
Suppose 211 - 3217 = -6*b. What is the remainder when b is divided by 21?
18
Let j(w) = w**3 + 11*w**2 + 12*w + 23. Let p be j(-10). Suppose p*b = -19 + 52. Calculate the remainder when 64 is divided by b.
9
Let u = 258 + -44. What is the remainder when u is divided by 27?
25
Suppose -2*k + 5*q = -73, -124 = -3*k + 5*q - 12. Calculate the remainder when k is divided by (-172)/(-8) + (-1)/2.
18
Let r(w) = 20*w + 164. What is the remainder when r(10) is divided by 73?
72
Let j = 1433 - 1430. Suppose a = -a - 2*x + 10, -3*x = -3*a - 9. Suppose -a + 16 = 3*f. What is the remainder when f is divided by j?
2
Let r = 100 - 11. Let k = r + -59. Calculate the remainder when 3 is divided by 36/k*5/2.
0
Suppose -2*s - 396 = -d, -s - s = -8. Calculate the remainder when d is divided by 45.
44
Let x be (-120)/(-75)*(-5)/(-2). Let m = x - -13. What is the remainder when m is divided by 4?
1
Let g = -2299 - -2384. What is the remainder when 232 is divided by g?
62
Suppose m - 3 = -4, 2*m = -2*q + 4. Calculate the remainder when q is divided by 2.
1
Let g be ((-1)/2)/(20/(-4360)). Suppose g = 3*q - 2*q. What is the remainder when q is divided by 22?
21
Suppose -3*j + 15 = -0. Suppose -5*i - j*r = 0, -3*i + 13 = -4*r - 8. Calculate the remainder when 2/9*-3*-15 is divided by i.
1
Suppose -1969 - 2171 = -5*r. Suppose z = -5*l - 2*z + r, -331 = -2*l - z. Calculate the remainder when l is divided by 43.
36
Let b(w) = -w**3 + 6*w**2 + 1. Suppose h = -2*u + 15, 5*u - 2*h + 7 = 31. Let i(x) = x**2 + 32*x + 249. What is the remainder when i(-13) is divided by b(u)?
0
Let u(p) = p**3 - 6*p**2 - 14*p - 5. Let k be u(-4). Let w = k - -149. Calculate the remainder when 154 is divided by w.
34
Let c(h) = -7*h - 63. Suppose -3*w - 2*w + 15 = 0. Suppose -2*b + 4*v - 74 = -5*b, -w*b - v = -68. What is the remainder when c(-15) is divided by b?
20
Suppose 0 = 5*k + 5*l - 78 - 37, -12 = -3*l. Suppose -4*x + k = 3. Calculate the remainder when 51 is divided by x.
3
Let d = 26 + 1. Let y(j) = j**2 + 17. What is the remainder when d is divided by y(0)?
10
Let s(t) = -3*t + 8. Let j be s(16). Calculate the remainder when 138 is divided by (j/(-4) + 0)*1.
8
Let v(r) = -22*r - 37. What is the remainder when 3417 is divided by v(-6)?
92
Let r(j) = j + 0*j + 2*j + 2 - 2*j. Let x be r(5). Suppose t = -0 + x. Calcu